
13
Let p(o) = -3*o**2 - 11*o + 4. Let y = 121 - 26. Let k = y - 68. What is the remainder when k is divided by p(-2)?
13
Let z = 16 - -6. Calculate the remainder when 65 is divided by z.
21
Suppose 0 = 2*m - m + 3*p - 220, 0 = 4*m - 5*p - 897. What is the remainder when m is divided by 45?
43
Suppose -2*t - t = -5*u - 128, 0 = 2*u - 10. What is the remainder when t is divided by 18?
15
Suppose 4*v - 20 = -0*v. Let m be 0/(5/(v/(-2))). Suppose m = -t - t + 34. What is the remainder when t is divided by 6?
5
Let d(z) = z**3 + z**2 + z + 4. Let f be d(0). Suppose 2*r - 4 = -0*r. What is the remainder when (f/6)/((-4)/(-30)) is divided by r?
1
Suppose -7*j + 26 = -5*j. What is the remainder when 37 is divided by j?
11
Let m be 2 + (0 - -2) + 1. Suppose g = m*g - 40. Calculate the remainder when 37 is divided by g.
7
Let p(a) = 14*a - 10. Let u(r) = -7*r - 4. What is the remainder when p(4) is divided by u(-4)?
22
Suppose 2*m + 2*m = 124. Calculate the remainder when m is divided by 17.
14
Let w = -3 + 6. What is the remainder when 5 is divided by w?
2
Suppose 5*p - p = 12. Suppose 52 = 3*q + 19. What is the remainder when q is divided by p?
2
Suppose 4*n - 54 = 2*n. Let v = 18 + -11. What is the remainder when n is divided by v?
6
Suppose 0 = -6*o + o + 15. Let z be (-24)/3*o/4. Let u(x) = x + 10. What is the remainder when u(z) is divided by 3?
1
Suppose -3*k - i + 41 = -2, -2*k + 4*i = -10. Calculate the remainder when k is divided by -1*1 - (-18 + 10).
6
Let b = 109 - 66. What is the remainder when b is divided by 23?
20
Suppose 0*g = g - 9. Let x = g - 10. Let a = x + 28. Calculate the remainder when a is divided by 10.
7
Let c(x) = 2*x + 4*x**2 + x**3 + 1 - 2*x. Calculate the remainder when (841/(-58))/((-1)/(-2) - 1) is divided by c(-3).
9
Suppose 0*d - d - 33 = -x, -156 = -5*x + 2*d. Calculate the remainder when x is divided by 11.
8
Suppose 3*d + 2*d - 85 = 0. Calculate the remainder when d is divided by 7.
3
Suppose 8 = -4*c + 8*c. Let h(r) = 16*r**2 + r - 2. Calculate the remainder when h(c) is divided by 22.
20
Let k(h) = h**2 - 10*h - 7. Let d be 11/(1/(-2)*-2). Calculate the remainder when 11 is divided by k(d).
3
Suppose 33 = 7*x - 4*x. Let h = -3 - -22. What is the remainder when h is divided by x?
8
Let a = -121 - -189. Suppose 5*d - 208 = -a. Calculate the remainder when d is divided by 10.
8
Suppose -2*y = -3*y - 5*d - 83, 3*y + 205 = -4*d. What is the remainder when 237/9 + (-2)/6 is divided by (y/(-12))/(3/8)?
12
Suppose -43 = -o - 0*m - 4*m, -97 = -3*o - 4*m. Let c = 24 - 17. Calculate the remainder when o is divided by c.
6
Let y(d) = d**3 - 5*d**2 - 7*d + 3. Let w be y(6). Let a be ((-1)/w)/(1/12). Suppose a*u - 3*u = 18. Calculate the remainder when 35 is divided by u.
17
Let h(j) = j**3 - 16*j**2 + 16*j - 9. Calculate the remainder when 13 is divided by h(15).
1
What is the remainder when 4/(-2) + 1*26 is divided by (-2 - -3)/(2/26)?
11
Let g = 6 + -6. Suppose 2*h + 3*b - 20 = g, 0 = 2*h - 0*h + 2*b - 18. Calculate the remainder when h is divided by 3.
1
Let q(v) = -7*v**3 + 1. What is the remainder when q(-2) is divided by 29?
28
Let i(v) = v**3 + 28*v**2 + 27*v + 4. Calculate the remainder when 26 is divided by i(-27).
2
Let q(s) = 0*s**3 + s**3 + 3*s**2 - 3*s + 0*s + 4*s. Let j be q(-2). Suppose -2*v = j*v - 92. Calculate the remainder when 45 is divided by v.
22
Let n(y) = -y**3 + 4*y**2 + 3. Let v be n(3). Suppose 4*j - v = 88. What is the remainder when 97 is divided by j?
22
Suppose 7*n = 367 - 87. Calculate the remainder when 156 is divided by n.
36
Let w(l) = -5*l + 7. What is the remainder when w(-4) is divided by 14?
13
Let z = -46 + 70. Suppose 0*y = -3*y + z. Calculate the remainder when 15 is divided by y.
7
Suppose -2*u = -4*k - 46, 155 = 5*u - 0*k - 2*k. Suppose 2 = c - 0. What is the remainder when (c*-1 - u)*-1 is divided by 12?
11
Suppose -2*a + a = -3*h - 108, 522 = 5*a + 3*h. Calculate the remainder when a is divided by 27.
24
Suppose -2*m - 4*a - 146 = 0, 4*m - 4*a = m - 249. Let t = -50 - m. What is the remainder when 57 is divided by t?
28
Let n be (-7)/3*6/2. Let q = n + 12. Suppose -7*r = r - 72. What is the remainder when r is divided by q?
4
Suppose -169 = -4*h + 15. Calculate the remainder when h is divided by 12.
10
Suppose -5*x = -4*k - 40, 24 = x + 3*k - 7*k. What is the remainder when ((-429)/(-117))/((-2)/(-6)) is divided by x?
3
Let u(k) = -k**2 + 5*k - 3. Calculate the remainder when 4 is divided by u(1).
0
What is the remainder when ((-3)/(-6))/(1/114) is divided by (-4 + 1)/1*-5?
12
Let i(g) = -g**3 - 12*g**2 - 12*g - 6. Calculate the remainder when 7 is divided by i(-11).
2
Let a be 1 + 1/((-1)/(-5)). Suppose -5*w = -3*k + a*k - 191, 0 = 2*w + 5*k - 84. Calculate the remainder when w is divided by 13.
11
Let w(c) = c**3 - 3*c**2 - 2*c. What is the remainder when 31 is divided by w(4)?
7
Suppose j - 3 + 13 = 0. Let d be ((-4)/5)/(2/j). Calculate the remainder when 1 is divided by d + -1 - 2 - 0.
0
Let z = -67 + 96. Calculate the remainder when z is divided by (-222)/(-15) + 2/10.
14
Let q(g) = -11*g + 5. Let h(n) = n**3 + 2*n**2 - 3*n - 4. Let j be h(-3). What is the remainder when q(j) is divided by 17?
15
Let z(w) = 5*w**3 + w**2 - 3*w + 4. What is the remainder when 125 is divided by z(2)?
41
Let q(u) = u**3 - 2*u**2 + 2*u + 2. Let f be 1/((-5)/(-2) + -2). Let v be q(f). Let a = v + -2. Calculate the remainder when 6 is divided by a.
2
Suppose 0 = -8*i + 12*i - 44. Calculate the remainder when 53 is divided by i.
9
Let p = 98 - 85. What is the remainder when p is divided by 2?
1
Let y = -1 - -2. What is the remainder when 44 is divided by -1*(0 - y*15)?
14
Suppose 69 = 2*a - 9. Let c = 57 - a. Calculate the remainder when 71 is divided by c.
17
Suppose 4*r + 8 = 3*w + 72, -2*r = 3*w - 14. Suppose 4*s - 140 = d, 4*d - 52 = -3*s + 72. What is the remainder when s is divided by r?
10
Suppose -d + 45 = 4*d. What is the remainder when 17 is divided by d?
8
Let v = 4 + -18. Suppose 4*w = 5 + 15, 0 = 2*q + 2*w - 56. Let f = q + v. Calculate the remainder when 26 is divided by f.
8
Let r(f) = -11*f - 1. Suppose -11 = -2*j + j. Suppose 2*x + j = 33. Calculate the remainder when r(-3) is divided by x.
10
Suppose -14 - 10 = -3*i. Suppose 0 = -4*a - 0*a + i. Suppose 4*y - 2*v - 116 = 2*v, 4*y - 86 = -a*v. What is the remainder when y is divided by 13?
11
Suppose -6*f + 10 = o - 4*f, -5*f - 3 = -o. What is the remainder when 14 is divided by o?
6
Suppose 0 = x + 4*f + f + 2, x = -4*f + 1. Let y = -129 - -166. Calculate the remainder when y is divided by x.
11
Suppose -95 = -4*q + 241. What is the remainder when q is divided by 29?
26
Suppose 14 = 5*m - 21. Suppose 2*v - 8 = o - 0*o, -4*o = 5*v - m. Calculate the remainder when 9 is divided by (2 - 4)*5/o.
4
Suppose s = 53 + 8. Let d = s + 1. Calculate the remainder when d is divided by 16.
14
Suppose 9 = 3*v - 54. Suppose -3*y = -0*y - 120. What is the remainder when y is divided by v?
19
Suppose -6*u + 3*u = -96. Calculate the remainder when u is divided by 9.
5
What is the remainder when 164/(-1)*(-3)/6 is divided by 17?
14
Let w be 2*3/(4 + -1). What is the remainder when (-4)/1*-3 - -2 is divided by (w + -10)*1*-1?
6
Let c = 28 + -19. Suppose 2*y - 1 = 57. Calculate the remainder when y is divided by ((-10)/(-3))/(2/c).
14
Suppose 4*y + 126 = 430. Calculate the remainder when y is divided by 27.
22
Let u(f) = f**2 - 7*f - 10. Let r(w) = -w**2 - 9*w - 5. Let k be r(-7). Calculate the remainder when u(k) is divided by 4.
0
Let p(f) = -6*f - 7. Suppose 2*d = -18 - 24. Let x be (-4)/6 + 91/d. What is the remainder when 67 is divided by p(x)?
21
Calculate the remainder when 23 is divided by 32/(-6)*(-36)/16.
11
Suppose 0 = 5*i - 307 - 23. Suppose 5*x - i = -x. What is the remainder when 20 is divided by x?
9
Let f = 16 - 11. What is the remainder when 8/(((-40)/(-12))/f) is divided by 5?
2
Let q = 21 + -18. Suppose 8*p - q*p - 195 = 0. Let w = 13 - 3. What is the remainder when p is divided by w?
9
Suppose 2*d = 59 + 5. What is the remainder when 94 is divided by d?
30
Let o = 17 + -29. What is the remainder when ((-86)/8)/(3/o) is divided by 15?
13
Suppose 0 = -4*d - 3*w + 26, -d + 3 = 3*w + 1. Suppose -2*a + 0*a = -6. Suppose 0 = -n - 0 +